{"id":22184,"date":"2024-01-02T11:51:38","date_gmt":"2024-01-02T11:51:38","guid":{"rendered":"https:\/\/marketmedical.ma\/?post_type=product&#038;p=22184"},"modified":"2024-01-02T11:51:50","modified_gmt":"2024-01-02T11:51:50","slug":"tire-lait-electrique","status":"publish","type":"product","link":"https:\/\/marketmedical.ma\/index.php\/product\/tire-lait-electrique\/","title":{"rendered":"Tire lait \u00e9lectrique"},"content":{"rendered":"<h3 dir=\"ltr\"><span style=\"color: #ff6600;\">Tire lait \u00e9lectrique<\/span><\/h3>\n<p dir=\"ltr\">\nTransportable d&#8217;un service maternit\u00e9 \u00e0 l&#8217;autre ou pour l&#8217;aspiration de lait maternel \u00e0 domicile.<br \/>\nStructure en plastique \u00e0 isolement thermique et \u00e9lectrique \u00e9lev\u00e9 conforme aux normes r\u00e9centes de s\u00e9curit\u00e9 europ\u00e9ennes.<br \/>\nFourni avec 2 biberons en polycarbonate (de 150 cc et 250 cc) avec filtre antibact\u00e9rien et hydrophobe, s\u00e9rie de tuyaux 6 x 10 mm, capuchon pour sein, tuyau d&#8217;air en PVC.<br \/>\nDispositif de r\u00e9glage de l&#8217;aspiration.<br \/>\nTemps de fonctionnement: 20 min.<br \/>\nMARCHE, 40 min. Arr\u00eat.<br \/>\nSp\u00e9cification techniques:<\/p>\n<p dir=\"ltr\">R\u00e9gulateur d&#8217;intensit\u00e9 d&#8217;aspiration &#8211; aspiration max. -0,33 bar<br \/>\nTension de fonctionnement: 220 &#8211; 230 V &#8211; 50\/60 Hz &#8211; disponible sur demande 110 V &#8211; 60 Hz<br \/>\nD\u00e9bit max. (litres\/min): 14 l\/min Consommation: 184 VA<br \/>\nDimensions: 235 x 190 x 165 mm Poids: 2,2 kg<\/p>\n","protected":false},"excerpt":{"rendered":"<h3 dir=\"ltr\" style=\"text-align: right; padding-left: 40px;\"><span style=\"color: #ff6600;\">Tire lait \u00e9lectrique<\/span><\/h3>\n<ul>\n<li>\u0645\u0636\u062e\u0629 \u0627\u0644\u062b\u062f\u064a \u0627\u0644\u0643\u0647\u0631\u0628\u0627\u0626\u064a\u0629<\/li>\n<li>\u0642\u0627\u0628\u0644\u0629 \u0644\u0644\u0646\u0642\u0644 \u0645\u0646 \u0642\u0633\u0645 \u0627\u0644\u0648\u0644\u0627\u062f\u0629 \u0625\u0644\u0649 \u0642\u0633\u0645 \u0622\u062e\u0631 \u0623\u0648 \u0644\u0634\u0641\u0637 \u062d\u0644\u064a\u0628 \u0627\u0644\u0623\u0645 \u0641\u064a \u0627\u0644\u0645\u0646\u0632\u0644.<\/li>\n<li>\u0647\u064a\u0643\u0644 \u0628\u0644\u0627\u0633\u062a\u064a\u0643\u064a \u0645\u0632\u0648\u062f \u0628\u0639\u0632\u0644 \u062d\u0631\u0627\u0631\u064a \u0648\u0643\u0647\u0631\u0628\u0627\u0626\u064a \u0639\u0627\u0644\u064a \u0648\u0645\u0637\u0627\u0628\u0642 \u0644\u0645\u0639\u0627\u064a\u064a\u0631 \u0627\u0644\u0633\u0644\u0627\u0645\u0629 \u0627\u0644\u0623\u0648\u0631\u0648\u0628\u064a\u0629 \u0627\u0644\u062d\u062f\u064a\u062b\u0629.<\/li>\n<li>\u0645\u0632\u0648\u062f \u0628\u0632\u062c\u0627\u062c\u062a\u064a\u0646 \u0645\u0646 \u0627\u0644\u0628\u0648\u0644\u064a \u0643\u0631\u0628\u0648\u0646\u0627\u062a (150 \u0633\u0645 \u0645\u0643\u0639\u0628 \u0648 250 \u0633\u0645 \u0645\u0643\u0639\u0628) \u0645\u0639 \u0641\u0644\u062a\u0631 \u0645\u0636\u0627\u062f \u0644\u0644\u0628\u0643\u062a\u064a\u0631\u064a\u0627 \u0648\u0627\u0644\u0637\u0627\u0631\u062f \u0644\u0644\u0645\u0627\u0621 \u060c \u0633\u0644\u0633\u0644\u0629 \u0645\u0646 \u0627\u0644\u0623\u0646\u0627\u0628\u064a\u0628 6 \u00d7 10 \u0645\u0645 \u060c \u063a\u0637\u0627\u0621 \u0627\u0644\u062b\u062f\u064a \u060c \u0623\u0646\u0628\u0648\u0628 \u0627\u0644\u0647\u0648\u0627\u0621 PVC.<\/li>\n<li>\u062c\u0647\u0627\u0632 \u0636\u0628\u0637 \u0627\u0644\u0634\u0641\u0637.<\/li>\n<li>\u0648\u0642\u062a \u0627\u0644\u062a\u0634\u063a\u064a\u0644: 20 \u062f\u0642\u064a\u0642\u0629.<\/li>\n<li>WALK \u060c 40 \u062f\u0642\u064a\u0642\u0629. \u0642\u0641.<br \/>\n<strong><span style=\"color: #ff0000;\">\u0627\u0644\u0645\u0648\u0627\u0635\u0641\u0627\u062a \u0627\u0644\u0641\u0646\u064a\u0629:<\/span><\/strong><\/li>\n<li>\u0645\u0646\u0638\u0645 \u0634\u062f\u0629 \u0627\u0644\u0634\u0641\u0637 &#8211; \u062d\u062f \u0623\u0642\u0635\u0649. -0.33 \u0628\u0627\u0631<\/li>\n<li>\u062c\u0647\u062f \u0627\u0644\u062a\u0634\u063a\u064a\u0644: 220 &#8211; 230 \u0641\u0648\u0644\u062a &#8211; 50\/60 \u0647\u0631\u062a\u0632 &#8211; \u0645\u062a\u0627\u062d \u0639\u0646\u062f \u0627\u0644\u0637\u0644\u0628 110 \u0641\u0648\u0644\u062a &#8211; 60 \u0647\u0631\u062a\u0632<\/li>\n<li>\u0645\u0627\u0643\u0633 \u062a\u062f\u0641\u0642 (\u0644\u062a\u0631 \/ \u062f\u0642\u064a\u0642\u0629): 14 \u0644\u062a\u0631 \/ \u062f\u0642\u064a\u0642\u0629 \u0627\u0644\u0627\u0633\u062a\u0647\u0644\u0627\u0643: 184 \u0641\u0648\u0644\u062a \u0623\u0645\u0628\u064a\u0631<\/li>\n<li>\u0627\u0644\u0623\u0628\u0639\u0627\u062f: 235 \u00d7 190 \u00d7 165 \u0645\u0644\u0645 \u060c \u0627\u0644\u0648\u0632\u0646: 2.2 \u0643\u062c\u0645<\/li>\n<\/ul>\n","protected":false},"featured_media":15197,"comment_status":"open","ping_status":"closed","template":"","meta":[],"product_brand":[],"product_cat":[1115,940,868,869],"product_tag":[],"class_list":{"0":"post-22184","1":"product","2":"type-product","3":"status-publish","4":"has-post-thumbnail","6":"product_cat-parapharmacie","7":"product_cat-soins-de-sante","8":"product_cat-868","9":"product_cat-869","12":"instock","13":"taxable","14":"shipping-taxable","15":"purchasable","16":"product-type-simple"},"yoast_head":"<!-- This site is optimized with the Yoast SEO plugin v27.2 - https:\/\/yoast.com\/product\/yoast-seo-wordpress\/ -->\n<title>Tire lait \u00e9lectrique - market medical<\/title>\n<meta name=\"robots\" content=\"index, follow, max-snippet:-1, max-image-preview:large, max-video-preview:-1\" \/>\n<link rel=\"canonical\" href=\"https:\/\/marketmedical.ma\/index.php\/product\/tire-lait-electrique\/\" \/>\n<meta property=\"og:locale\" content=\"fr_FR\" \/>\n<meta property=\"og:type\" content=\"article\" \/>\n<meta property=\"og:title\" content=\"Tire lait \u00e9lectrique - market medical\" \/>\n<meta property=\"og:description\" content=\"Tire lait \u00e9lectrique   \u0645\u0636\u062e\u0629 \u0627\u0644\u062b\u062f\u064a \u0627\u0644\u0643\u0647\u0631\u0628\u0627\u0626\u064a\u0629  \u0642\u0627\u0628\u0644\u0629 \u0644\u0644\u0646\u0642\u0644 \u0645\u0646 \u0642\u0633\u0645 \u0627\u0644\u0648\u0644\u0627\u062f\u0629 \u0625\u0644\u0649 \u0642\u0633\u0645 \u0622\u062e\u0631 \u0623\u0648 \u0644\u0634\u0641\u0637 \u062d\u0644\u064a\u0628 \u0627\u0644\u0623\u0645 \u0641\u064a \u0627\u0644\u0645\u0646\u0632\u0644.  \u0647\u064a\u0643\u0644 \u0628\u0644\u0627\u0633\u062a\u064a\u0643\u064a \u0645\u0632\u0648\u062f \u0628\u0639\u0632\u0644 \u062d\u0631\u0627\u0631\u064a \u0648\u0643\u0647\u0631\u0628\u0627\u0626\u064a \u0639\u0627\u0644\u064a \u0648\u0645\u0637\u0627\u0628\u0642 \u0644\u0645\u0639\u0627\u064a\u064a\u0631 \u0627\u0644\u0633\u0644\u0627\u0645\u0629 \u0627\u0644\u0623\u0648\u0631\u0648\u0628\u064a\u0629 \u0627\u0644\u062d\u062f\u064a\u062b\u0629.  \u0645\u0632\u0648\u062f \u0628\u0632\u062c\u0627\u062c\u062a\u064a\u0646 \u0645\u0646 \u0627\u0644\u0628\u0648\u0644\u064a \u0643\u0631\u0628\u0648\u0646\u0627\u062a (150 \u0633\u0645 \u0645\u0643\u0639\u0628 \u0648 250 \u0633\u0645 \u0645\u0643\u0639\u0628) \u0645\u0639 \u0641\u0644\u062a\u0631 \u0645\u0636\u0627\u062f \u0644\u0644\u0628\u0643\u062a\u064a\u0631\u064a\u0627 \u0648\u0627\u0644\u0637\u0627\u0631\u062f \u0644\u0644\u0645\u0627\u0621 \u060c \u0633\u0644\u0633\u0644\u0629 \u0645\u0646 \u0627\u0644\u0623\u0646\u0627\u0628\u064a\u0628 6 \u00d7 10 \u0645\u0645 \u060c \u063a\u0637\u0627\u0621 \u0627\u0644\u062b\u062f\u064a \u060c \u0623\u0646\u0628\u0648\u0628 \u0627\u0644\u0647\u0648\u0627\u0621 PVC.  \u062c\u0647\u0627\u0632 \u0636\u0628\u0637 \u0627\u0644\u0634\u0641\u0637.  \u0648\u0642\u062a \u0627\u0644\u062a\u0634\u063a\u064a\u0644: 20 \u062f\u0642\u064a\u0642\u0629.  WALK \u060c 40 \u062f\u0642\u064a\u0642\u0629. \u0642\u0641. \u0627\u0644\u0645\u0648\u0627\u0635\u0641\u0627\u062a \u0627\u0644\u0641\u0646\u064a\u0629:  \u0645\u0646\u0638\u0645 \u0634\u062f\u0629 \u0627\u0644\u0634\u0641\u0637 - \u062d\u062f \u0623\u0642\u0635\u0649. -0.33 \u0628\u0627\u0631  \u062c\u0647\u062f \u0627\u0644\u062a\u0634\u063a\u064a\u0644: 220 - 230 \u0641\u0648\u0644\u062a - 50\/60 \u0647\u0631\u062a\u0632 - \u0645\u062a\u0627\u062d \u0639\u0646\u062f \u0627\u0644\u0637\u0644\u0628 110 \u0641\u0648\u0644\u062a - 60 \u0647\u0631\u062a\u0632  \u0645\u0627\u0643\u0633 \u062a\u062f\u0641\u0642 (\u0644\u062a\u0631 \/ \u062f\u0642\u064a\u0642\u0629): 14 \u0644\u062a\u0631 \/ \u062f\u0642\u064a\u0642\u0629 \u0627\u0644\u0627\u0633\u062a\u0647\u0644\u0627\u0643: 184 \u0641\u0648\u0644\u062a \u0623\u0645\u0628\u064a\u0631  \u0627\u0644\u0623\u0628\u0639\u0627\u062f: 235 \u00d7 190 \u00d7 165 \u0645\u0644\u0645 \u060c \u0627\u0644\u0648\u0632\u0646: 2.2 \u0643\u062c\u0645\" \/>\n<meta property=\"og:url\" content=\"https:\/\/marketmedical.ma\/index.php\/product\/tire-lait-electrique\/\" \/>\n<meta property=\"og:site_name\" content=\"market medical\" \/>\n<meta property=\"article:modified_time\" content=\"2024-01-02T11:51:50+00:00\" \/>\n<meta property=\"og:image\" content=\"https:\/\/marketmedical.ma\/wp-content\/uploads\/2024\/01\/Tire-lait-electrique.jpg\" \/>\n\t<meta property=\"og:image:width\" content=\"580\" \/>\n\t<meta property=\"og:image:height\" content=\"559\" \/>\n\t<meta property=\"og:image:type\" content=\"image\/jpeg\" \/>\n<meta name=\"twitter:card\" content=\"summary_large_image\" \/>\n<meta name=\"twitter:label1\" content=\"Dur\u00e9e de lecture estim\u00e9e\" \/>\n\t<meta name=\"twitter:data1\" content=\"1 minute\" \/>\n<script type=\"application\/ld+json\" class=\"yoast-schema-graph\">{\"@context\":\"https:\/\/schema.org\",\"@graph\":[{\"@type\":\"WebPage\",\"@id\":\"https:\/\/marketmedical.ma\/index.php\/product\/tire-lait-electrique\/\",\"url\":\"https:\/\/marketmedical.ma\/index.php\/product\/tire-lait-electrique\/\",\"name\":\"Tire lait \u00e9lectrique - market medical\",\"isPartOf\":{\"@id\":\"https:\/\/marketmedical.ma\/#website\"},\"primaryImageOfPage\":{\"@id\":\"https:\/\/marketmedical.ma\/index.php\/product\/tire-lait-electrique\/#primaryimage\"},\"image\":{\"@id\":\"https:\/\/marketmedical.ma\/index.php\/product\/tire-lait-electrique\/#primaryimage\"},\"thumbnailUrl\":\"https:\/\/marketmedical.ma\/wp-content\/uploads\/2024\/01\/Tire-lait-electrique.jpg\",\"datePublished\":\"2024-01-02T11:51:38+00:00\",\"dateModified\":\"2024-01-02T11:51:50+00:00\",\"breadcrumb\":{\"@id\":\"https:\/\/marketmedical.ma\/index.php\/product\/tire-lait-electrique\/#breadcrumb\"},\"inLanguage\":\"fr-FR\",\"potentialAction\":[{\"@type\":\"ReadAction\",\"target\":[\"https:\/\/marketmedical.ma\/index.php\/product\/tire-lait-electrique\/\"]}]},{\"@type\":\"ImageObject\",\"inLanguage\":\"fr-FR\",\"@id\":\"https:\/\/marketmedical.ma\/index.php\/product\/tire-lait-electrique\/#primaryimage\",\"url\":\"https:\/\/marketmedical.ma\/wp-content\/uploads\/2024\/01\/Tire-lait-electrique.jpg\",\"contentUrl\":\"https:\/\/marketmedical.ma\/wp-content\/uploads\/2024\/01\/Tire-lait-electrique.jpg\",\"width\":580,\"height\":559},{\"@type\":\"BreadcrumbList\",\"@id\":\"https:\/\/marketmedical.ma\/index.php\/product\/tire-lait-electrique\/#breadcrumb\",\"itemListElement\":[{\"@type\":\"ListItem\",\"position\":1,\"name\":\"\u0627\u0644\u0631\u0626\u064a\u0633\u064a\u0629\",\"item\":\"https:\/\/marketmedical.ma\/\"},{\"@type\":\"ListItem\",\"position\":2,\"name\":\"Shop\",\"item\":\"https:\/\/marketmedical.ma\/\"},{\"@type\":\"ListItem\",\"position\":3,\"name\":\"Tire lait \u00e9lectrique\"}]},{\"@type\":\"WebSite\",\"@id\":\"https:\/\/marketmedical.ma\/#website\",\"url\":\"https:\/\/marketmedical.ma\/\",\"name\":\"market medical\",\"description\":\"0673319860 - 0808663858\",\"publisher\":{\"@id\":\"https:\/\/marketmedical.ma\/#organization\"},\"potentialAction\":[{\"@type\":\"SearchAction\",\"target\":{\"@type\":\"EntryPoint\",\"urlTemplate\":\"https:\/\/marketmedical.ma\/?s={search_term_string}\"},\"query-input\":{\"@type\":\"PropertyValueSpecification\",\"valueRequired\":true,\"valueName\":\"search_term_string\"}}],\"inLanguage\":\"fr-FR\"},{\"@type\":\"Organization\",\"@id\":\"https:\/\/marketmedical.ma\/#organization\",\"name\":\"market medical\",\"alternateName\":\"Paramedical\",\"url\":\"https:\/\/marketmedical.ma\/\",\"logo\":{\"@type\":\"ImageObject\",\"inLanguage\":\"fr-FR\",\"@id\":\"https:\/\/marketmedical.ma\/#\/schema\/logo\/image\/\",\"url\":\"https:\/\/marketmedical.ma\/wp-content\/uploads\/2020\/04\/cropped-paramedical-market-medical-logo.png\",\"contentUrl\":\"https:\/\/marketmedical.ma\/wp-content\/uploads\/2020\/04\/cropped-paramedical-market-medical-logo.png\",\"width\":500,\"height\":112,\"caption\":\"market medical\"},\"image\":{\"@id\":\"https:\/\/marketmedical.ma\/#\/schema\/logo\/image\/\"}}]}<\/script>\n<!-- \/ Yoast SEO plugin. -->","yoast_head_json":{"title":"Tire lait \u00e9lectrique - market medical","robots":{"index":"index","follow":"follow","max-snippet":"max-snippet:-1","max-image-preview":"max-image-preview:large","max-video-preview":"max-video-preview:-1"},"canonical":"https:\/\/marketmedical.ma\/index.php\/product\/tire-lait-electrique\/","og_locale":"fr_FR","og_type":"article","og_title":"Tire lait \u00e9lectrique - market medical","og_description":"Tire lait \u00e9lectrique   \u0645\u0636\u062e\u0629 \u0627\u0644\u062b\u062f\u064a \u0627\u0644\u0643\u0647\u0631\u0628\u0627\u0626\u064a\u0629  \u0642\u0627\u0628\u0644\u0629 \u0644\u0644\u0646\u0642\u0644 \u0645\u0646 \u0642\u0633\u0645 \u0627\u0644\u0648\u0644\u0627\u062f\u0629 \u0625\u0644\u0649 \u0642\u0633\u0645 \u0622\u062e\u0631 \u0623\u0648 \u0644\u0634\u0641\u0637 \u062d\u0644\u064a\u0628 \u0627\u0644\u0623\u0645 \u0641\u064a \u0627\u0644\u0645\u0646\u0632\u0644.  \u0647\u064a\u0643\u0644 \u0628\u0644\u0627\u0633\u062a\u064a\u0643\u064a \u0645\u0632\u0648\u062f \u0628\u0639\u0632\u0644 \u062d\u0631\u0627\u0631\u064a \u0648\u0643\u0647\u0631\u0628\u0627\u0626\u064a \u0639\u0627\u0644\u064a \u0648\u0645\u0637\u0627\u0628\u0642 \u0644\u0645\u0639\u0627\u064a\u064a\u0631 \u0627\u0644\u0633\u0644\u0627\u0645\u0629 \u0627\u0644\u0623\u0648\u0631\u0648\u0628\u064a\u0629 \u0627\u0644\u062d\u062f\u064a\u062b\u0629.  \u0645\u0632\u0648\u062f \u0628\u0632\u062c\u0627\u062c\u062a\u064a\u0646 \u0645\u0646 \u0627\u0644\u0628\u0648\u0644\u064a \u0643\u0631\u0628\u0648\u0646\u0627\u062a (150 \u0633\u0645 \u0645\u0643\u0639\u0628 \u0648 250 \u0633\u0645 \u0645\u0643\u0639\u0628) \u0645\u0639 \u0641\u0644\u062a\u0631 \u0645\u0636\u0627\u062f \u0644\u0644\u0628\u0643\u062a\u064a\u0631\u064a\u0627 \u0648\u0627\u0644\u0637\u0627\u0631\u062f \u0644\u0644\u0645\u0627\u0621 \u060c \u0633\u0644\u0633\u0644\u0629 \u0645\u0646 \u0627\u0644\u0623\u0646\u0627\u0628\u064a\u0628 6 \u00d7 10 \u0645\u0645 \u060c \u063a\u0637\u0627\u0621 \u0627\u0644\u062b\u062f\u064a \u060c \u0623\u0646\u0628\u0648\u0628 \u0627\u0644\u0647\u0648\u0627\u0621 PVC.  \u062c\u0647\u0627\u0632 \u0636\u0628\u0637 \u0627\u0644\u0634\u0641\u0637.  \u0648\u0642\u062a \u0627\u0644\u062a\u0634\u063a\u064a\u0644: 20 \u062f\u0642\u064a\u0642\u0629.  WALK \u060c 40 \u062f\u0642\u064a\u0642\u0629. \u0642\u0641. \u0627\u0644\u0645\u0648\u0627\u0635\u0641\u0627\u062a \u0627\u0644\u0641\u0646\u064a\u0629:  \u0645\u0646\u0638\u0645 \u0634\u062f\u0629 \u0627\u0644\u0634\u0641\u0637 - \u062d\u062f \u0623\u0642\u0635\u0649. -0.33 \u0628\u0627\u0631  \u062c\u0647\u062f \u0627\u0644\u062a\u0634\u063a\u064a\u0644: 220 - 230 \u0641\u0648\u0644\u062a - 50\/60 \u0647\u0631\u062a\u0632 - \u0645\u062a\u0627\u062d \u0639\u0646\u062f \u0627\u0644\u0637\u0644\u0628 110 \u0641\u0648\u0644\u062a - 60 \u0647\u0631\u062a\u0632  \u0645\u0627\u0643\u0633 \u062a\u062f\u0641\u0642 (\u0644\u062a\u0631 \/ \u062f\u0642\u064a\u0642\u0629): 14 \u0644\u062a\u0631 \/ \u062f\u0642\u064a\u0642\u0629 \u0627\u0644\u0627\u0633\u062a\u0647\u0644\u0627\u0643: 184 \u0641\u0648\u0644\u062a \u0623\u0645\u0628\u064a\u0631  \u0627\u0644\u0623\u0628\u0639\u0627\u062f: 235 \u00d7 190 \u00d7 165 \u0645\u0644\u0645 \u060c \u0627\u0644\u0648\u0632\u0646: 2.2 \u0643\u062c\u0645","og_url":"https:\/\/marketmedical.ma\/index.php\/product\/tire-lait-electrique\/","og_site_name":"market medical","article_modified_time":"2024-01-02T11:51:50+00:00","og_image":[{"width":580,"height":559,"url":"https:\/\/marketmedical.ma\/wp-content\/uploads\/2024\/01\/Tire-lait-electrique.jpg","type":"image\/jpeg"}],"twitter_card":"summary_large_image","twitter_misc":{"Dur\u00e9e de lecture estim\u00e9e":"1 minute"},"schema":{"@context":"https:\/\/schema.org","@graph":[{"@type":"WebPage","@id":"https:\/\/marketmedical.ma\/index.php\/product\/tire-lait-electrique\/","url":"https:\/\/marketmedical.ma\/index.php\/product\/tire-lait-electrique\/","name":"Tire lait \u00e9lectrique - market medical","isPartOf":{"@id":"https:\/\/marketmedical.ma\/#website"},"primaryImageOfPage":{"@id":"https:\/\/marketmedical.ma\/index.php\/product\/tire-lait-electrique\/#primaryimage"},"image":{"@id":"https:\/\/marketmedical.ma\/index.php\/product\/tire-lait-electrique\/#primaryimage"},"thumbnailUrl":"https:\/\/marketmedical.ma\/wp-content\/uploads\/2024\/01\/Tire-lait-electrique.jpg","datePublished":"2024-01-02T11:51:38+00:00","dateModified":"2024-01-02T11:51:50+00:00","breadcrumb":{"@id":"https:\/\/marketmedical.ma\/index.php\/product\/tire-lait-electrique\/#breadcrumb"},"inLanguage":"fr-FR","potentialAction":[{"@type":"ReadAction","target":["https:\/\/marketmedical.ma\/index.php\/product\/tire-lait-electrique\/"]}]},{"@type":"ImageObject","inLanguage":"fr-FR","@id":"https:\/\/marketmedical.ma\/index.php\/product\/tire-lait-electrique\/#primaryimage","url":"https:\/\/marketmedical.ma\/wp-content\/uploads\/2024\/01\/Tire-lait-electrique.jpg","contentUrl":"https:\/\/marketmedical.ma\/wp-content\/uploads\/2024\/01\/Tire-lait-electrique.jpg","width":580,"height":559},{"@type":"BreadcrumbList","@id":"https:\/\/marketmedical.ma\/index.php\/product\/tire-lait-electrique\/#breadcrumb","itemListElement":[{"@type":"ListItem","position":1,"name":"\u0627\u0644\u0631\u0626\u064a\u0633\u064a\u0629","item":"https:\/\/marketmedical.ma\/"},{"@type":"ListItem","position":2,"name":"Shop","item":"https:\/\/marketmedical.ma\/"},{"@type":"ListItem","position":3,"name":"Tire lait \u00e9lectrique"}]},{"@type":"WebSite","@id":"https:\/\/marketmedical.ma\/#website","url":"https:\/\/marketmedical.ma\/","name":"market medical","description":"0673319860 - 0808663858","publisher":{"@id":"https:\/\/marketmedical.ma\/#organization"},"potentialAction":[{"@type":"SearchAction","target":{"@type":"EntryPoint","urlTemplate":"https:\/\/marketmedical.ma\/?s={search_term_string}"},"query-input":{"@type":"PropertyValueSpecification","valueRequired":true,"valueName":"search_term_string"}}],"inLanguage":"fr-FR"},{"@type":"Organization","@id":"https:\/\/marketmedical.ma\/#organization","name":"market medical","alternateName":"Paramedical","url":"https:\/\/marketmedical.ma\/","logo":{"@type":"ImageObject","inLanguage":"fr-FR","@id":"https:\/\/marketmedical.ma\/#\/schema\/logo\/image\/","url":"https:\/\/marketmedical.ma\/wp-content\/uploads\/2020\/04\/cropped-paramedical-market-medical-logo.png","contentUrl":"https:\/\/marketmedical.ma\/wp-content\/uploads\/2020\/04\/cropped-paramedical-market-medical-logo.png","width":500,"height":112,"caption":"market medical"},"image":{"@id":"https:\/\/marketmedical.ma\/#\/schema\/logo\/image\/"}}]}},"_links":{"self":[{"href":"https:\/\/marketmedical.ma\/index.php\/wp-json\/wp\/v2\/product\/22184","targetHints":{"allow":["GET"]}}],"collection":[{"href":"https:\/\/marketmedical.ma\/index.php\/wp-json\/wp\/v2\/product"}],"about":[{"href":"https:\/\/marketmedical.ma\/index.php\/wp-json\/wp\/v2\/types\/product"}],"replies":[{"embeddable":true,"href":"https:\/\/marketmedical.ma\/index.php\/wp-json\/wp\/v2\/comments?post=22184"}],"version-history":[{"count":0,"href":"https:\/\/marketmedical.ma\/index.php\/wp-json\/wp\/v2\/product\/22184\/revisions"}],"wp:featuredmedia":[{"embeddable":true,"href":"https:\/\/marketmedical.ma\/index.php\/wp-json\/wp\/v2\/media\/15197"}],"wp:attachment":[{"href":"https:\/\/marketmedical.ma\/index.php\/wp-json\/wp\/v2\/media?parent=22184"}],"wp:term":[{"taxonomy":"product_brand","embeddable":true,"href":"https:\/\/marketmedical.ma\/index.php\/wp-json\/wp\/v2\/product_brand?post=22184"},{"taxonomy":"product_cat","embeddable":true,"href":"https:\/\/marketmedical.ma\/index.php\/wp-json\/wp\/v2\/product_cat?post=22184"},{"taxonomy":"product_tag","embeddable":true,"href":"https:\/\/marketmedical.ma\/index.php\/wp-json\/wp\/v2\/product_tag?post=22184"}],"curies":[{"name":"wp","href":"https:\/\/api.w.org\/{rel}","templated":true}]}}